Calculate the highest common divisor of w and 56.
14
Suppose 0 = -k - 4*k - 3*s + 271, -5*k + 4*s + 257 = 0. What is the greatest common factor of k and 583?
53
Suppose 0 = 5*a + 4*j + 133, 0 = -3*a - 2*j + 4*j - 71. Let h = 35 + a. Calculate the highest common divisor of h and 110.
10
Suppose -36*k + k = -1960. Let p = -24 + 38. Calculate the highest common factor of p and k.
14
Suppose 0 = -4*l + 2*n + 469 + 465, -5*l + 1165 = -2*n. What is the highest common divisor of 33 and l?
33
Suppose o - 4*o = -72. Let n(g) = -g**3 - 20*g**2 + g + 22. Let q be n(-20). Let a(h) = 20*h + 8. Let p be a(q). What is the highest common factor of o and p?
24
Let j(i) be the first derivative of 11*i**3/3 + i**2/2 + i + 1. Let t be j(-1). Let c be (10 + 1)/(-61 - -62). Calculate the highest common divisor of c and t.
11
Suppose 14 = t + 2*z, 4*t = -0*t - z + 21. Let x(y) = y**3 + 20*y**2 + 18*y - 9. Let l be x(-19). Calculate the highest common divisor of t and l.
2
Suppose -4*g + g + 5*a = 22, 0 = 5*g - a + 44. Suppose 12*c + 452 = 20. Let j be (-1 + 2)/(g/c). What is the highest common factor of 24 and j?
4
Let o be (-1 + -1)/((-3)/12). Let s(t) = -t**3 + 9*t**2 - 4*t - 16. Let k be s(o). What is the greatest common factor of 4 and k?
4
Suppose -4*n = 4*h - 123 + 19, -69 = -4*n + 3*h. Calculate the highest common factor of n and 14.
7
Let o be (-2)/(320/158 - 2). Let x be -57 - (-9)/45*5. Let v = x - o. Calculate the greatest common divisor of v and 69.
23
Suppose -2*s = 2*s - 12. Let v(q) = 2*q**3 - 25*q**2 + 12*q + 3. Let u be v(12). Suppose 12 = s*k - u. Calculate the greatest common divisor of k and 2.
1
Let y(i) = 4*i**2 - 7*i + 7. Let q be y(2). What is the highest common divisor of 1179 and q?
9
Suppose -5*l + 19 = -11*w + 10*w, 0 = -3*l + 5*w + 29. What is the highest common divisor of l and 51?
3
Suppose 0 = -4*l + 452 + 1132. Calculate the greatest common factor of l and 72.
36
Let b = -2 - -1. Let m be (-1 - b)*(-1)/2. Suppose m = 3*u + 5*a - 23, a = -5*u - 2 + 11. Calculate the greatest common factor of 9 and u.
1
Let s(w) = 54*w - 222. Let n be s(6). What is the greatest common divisor of n and 442?
34
Let r be (-64)/352 + 5/(55/123). What is the highest common factor of r and 7?
1
Let d = 421 - 385. Calculate the highest common divisor of d and 180.
36
Suppose -143 = -6*k - 5*k. Suppose -w + 48 = -5*w. Let x be (1 + 3)*(-39)/w. What is the greatest common divisor of x and k?
13
Let y(z) = z**3 + 27*z**2 - z - 24. Let j be y(-27). Suppose 14 = q - j*r, 0 = 2*q - 5*r + r - 32. Calculate the highest common factor of 100 and q.
20
Let b(j) = -7*j**3. Let t be b(-1). Let f = 23 - t. Let g(n) = -n**2 + 21*n + 16. Let i be g(21). What is the greatest common divisor of i and f?
16
Suppose 0 = -5*n + 3*n + 42. Let x = 210 - 203. Let s = n - x. What is the greatest common divisor of 70 and s?
14
Suppose 0 = 81*i - 11421 - 5103. Calculate the greatest common divisor of 8 and i.
4
Suppose -2*f - 3*d = 20 + 93, -5*f + 2*d = 254. Let x = -34 - f. What is the greatest common factor of x and 162?
18
Let d(j) = 14*j**2 + 39*j - 126. Let t be d(3). What is the greatest common factor of 63 and t?
9
Let u be (-4)/(-6) + 148/(-6). Let l be 6/u - 218/(-8). Suppose -2*a + 19 = -2*h - l, 3*a - 49 = -h. What is the highest common factor of a and 144?
18
Let t(w) = -w**2 + 11*w + 33 + 51*w - 36*w. Let a be t(24). What is the greatest common divisor of a and 9?
9
Let l = -4 - -9. Let x(r) = 1. Let v(k) = 11*k - 1. Let f(g) = -v(g) - 3*x(g). Let d be f(-2). What is the highest common divisor of d and l?
5
Suppose 12*k = 3*a + 8*k - 75, 0 = 5*a + 3*k - 96. What is the highest common divisor of 189 and a?
21
Suppose o = -0*o + 7. Suppose 5*c + o - 27 = 0. Suppose -c*b - 2*v + 592 = 2*v, 2*b - 5*v = 289. What is the greatest common factor of b and 21?
21
Let r = -29786 - -29905. Let k = -37 - -54. What is the highest common factor of r and k?
17
Let f = -8 + 20. Let u be 4/20*0 + -3. Let x be 20*u*(-5)/5. Calculate the highest common factor of x and f.
12
Let u(c) = -4*c**3 + c**3 + 8*c - 8*c - c**2 - c. Let o be u(-1). What is the highest common divisor of 12 and o?
3
Let b = 102 + -165. Let r be (-144)/(-14) + 18/b. What is the greatest common divisor of 10 and r?
10
Let z = 2235 - 1755. Calculate the highest common factor of 840 and z.
120
Let z(i) = -17*i - 55. Let r be z(-4). Calculate the highest common divisor of 13 and r.
13
Let x = -113 - -179. Let r be 440/77 - 2/(-7). What is the highest common factor of r and x?
6
Let w be 2/(-3 - -9) - (-3444)/63. What is the highest common factor of w and 25?
5
Suppose 206*a - 218*a = -1920. Calculate the highest common divisor of a and 60.
20
Suppose -p + 1102 = p + 2*m, -2*p - 3*m + 1102 = 0. Calculate the greatest common divisor of 29 and p.
29
Let q be (-5 - -2)/(5/(-35)). Suppose 0 = -5*v + q - 1. Let d be 23/v + 21/(-28). Calculate the highest common factor of d and 5.
5
Suppose -4*n = -2*n - 50. Let f(r) = 7*r - 23. Let b be f(7). Suppose n*l - 24*l = b. What is the greatest common factor of 13 and l?
13
Suppose 11*o - 2920 = -159. Let x = o + -179. What is the highest common divisor of x and 9?
9
Suppose 0 = 4*z + 6 - 30. Let t = z + 38. Calculate the highest common divisor of t and 55.
11
Suppose 26 = 5*l - 44. What is the highest common factor of 14 and l?
14
Suppose 0 = 7*y - 5*y - 24. Suppose -2*c = 2 - 6. Suppose -c*q + 3*q + 379 = 4*i, 0 = 3*i - 2*q - 278. What is the greatest common divisor of i and y?
12
Let q be -2 + 4 + -3 - -64. Let z = -4 - -8. Suppose 3*x = z*l + 23 + 4, 5*x - 45 = -3*l. What is the highest common factor of q and x?
9
Let u be (((-45)/75)/((-2)/50))/1. Suppose 2 = -h + 2*h. Suppose h*i + 7 = u. Calculate the highest common factor of 2 and i.
2
Suppose 58 = q + 6*y - 2*y, -3*q + 154 = 2*y. Calculate the greatest common divisor of q and 325.
25
Let c(v) = 2*v**3 - 12*v**2 + 14. Let f be c(6). Calculate the greatest common factor of 448 and f.
14
Suppose 3*h - q = 2*q - 147, 0 = h + 5*q + 67. Let g = h - -76. What is the greatest common divisor of 36 and g?
12
Suppose -4*a + 720 = -r + 6*r, 0 = 2*a - 4*r - 360. Calculate the greatest common factor of a and 120.
60
Suppose 2*p - 3*d - 146 + 44 = 0, p - 46 = -d. Let g(y) = y**3 + 15*y**2 - 9*y - 15. Let a be g(-15). What is the highest common divisor of p and a?
24
Suppose 45 = 3*f - 0*f. Let n be (50/((-80)/8))/(5/(-6)). What is the greatest common divisor of n and f?
3
Let f be -45*(-3)/(30/4). Suppose 3*h = 4*o - 16, -o = h - 3*h - 4. Let a = h + 45. Calculate the highest common divisor of f and a.
9
Let d be -4 + 1 - 756/(-18). What is the highest common divisor of d and 312?
39
Let z be 6/(-4) + (-35)/(-2). What is the highest common factor of 32 and z?
16
Let i = 3 - -3. Suppose 2*c - 4*c + 3*k = i, 3*c + 6 = 3*k. Suppose x - 219 + 54 = -2*w, c = -5*w - 5*x + 420. Calculate the greatest common factor of w and 9.
9
Suppose 3*d - 4*m - 370 = 0, -14*d - 5*m - 620 = -19*d. Calculate the greatest common factor of d and 18.
18
Let x(l) = 13*l**2 - 2. Let w be x(2). Let m = 145 - 120. Calculate the greatest common factor of m and w.
25
Suppose 260 = 5*y + 5*t, -3*y + t = -97 - 71. Calculate the highest common factor of 88 and y.
11
Suppose o = -v + 19 + 18, 5*o + 43 = v. Let u = -56 - -94. What is the highest common divisor of v and u?
38
Let c(h) = -2 - 9 - 5 - 3*h. Let j be 99/(-55)*5/1. Let q be c(j). What is the greatest common factor of q and 77?
11
Let j = -37 - -27. Let a be 10/(2/j*(5 - 7)). Calculate the greatest common factor of a and 275.
25
Let c(h) = h**2 + 15*h - 31. Let k be c(8). What is the highest common divisor of 9 and k?
9
Suppose -13*u - 25 = -8*u. Let v(t) = -24*t + 12. Let w be v(u). Let s = 29 - 17. Calculate the greatest common factor of s and w.
12
Suppose 0 = 3*g - 42*m + 39*m - 579, -5*g + 2*m = -953. Calculate the highest common factor of 35 and g.
7
Suppose 0*j + j = -i + 374, -2*j = -2*i - 732. Suppose 2*u - j = -98. Calculate the greatest common factor of u and 17.
17
Suppose -2 = -i + 8. Let q be (-1)/(-3) + (-5)/15. Suppose -4*o + 322 = 3*p - 2*p, q = o + 5*p - 90. What is the greatest common divisor of i and o?
10
Let a be (-12 + 13 - 39)/(-1 + 0). Let k be (-6)/(-36) + (-683)/(-6). Calculate the greatest 